{"id":23,"date":"2020-01-17T15:51:37","date_gmt":"2020-01-17T15:51:37","guid":{"rendered":"https:\/\/schmid-faeka.de\/wordpress\/?page_id=23"},"modified":"2020-02-01T15:09:46","modified_gmt":"2020-02-01T15:09:46","slug":"kanal-und-rohrreinigung","status":"publish","type":"page","link":"https:\/\/schmid-faeka.de\/?page_id=23","title":{"rendered":"Kanal- und Rohrreinigung"},"content":{"rendered":"\n<div class=\"wp-block-image\"><figure class=\"alignright size-large is-resized\"><img loading=\"lazy\" decoding=\"async\" src=\"https:\/\/schmid-faeka.de\/wordpress\/wp-content\/uploads\/2020\/01\/KanalRohrreinigung-692x1024.png\" alt=\"Kanal- und Rohrreinigung\" class=\"wp-image-25\" width=\"346\" height=\"512\" srcset=\"https:\/\/schmid-faeka.de\/wp-content\/uploads\/2020\/01\/KanalRohrreinigung-692x1024.png 692w, https:\/\/schmid-faeka.de\/wp-content\/uploads\/2020\/01\/KanalRohrreinigung-203x300.png 203w, https:\/\/schmid-faeka.de\/wp-content\/uploads\/2020\/01\/KanalRohrreinigung-768x1136.png 768w, https:\/\/schmid-faeka.de\/wp-content\/uploads\/2020\/01\/KanalRohrreinigung.png 800w\" sizes=\"auto, (max-width: 346px) 100vw, 346px\" \/><\/figure><\/div>\n\n\n\n<p>Eine regelm\u00e4\u00dfige\nWartung und Reinigung des Kanalsystems mit den entsprechenden Spezialger\u00e4ten\nsind Voraussetzung f\u00fcr ein einwandfreies Kanalsystem hierf\u00fcr.<\/p>\n\n\n\n<p>Moderne Rohr- und\nKanalreinigung ist ohne Hochdrucksp\u00fclung nicht mehr denkbar. Schlamm, h\u00e4rteste\nAblagerungen und Hindernisse m\u00fcssen aus den Kan\u00e4len beseitigt werden. Die\nHochdrucktechnik nutzt das Wasser hierbei f\u00fcr den Antrieb der Kanald\u00fcsen, zum\nZertrennen von Ablagerungen und f\u00fcr den Transport der gel\u00f6sten R\u00fcckst\u00e4nde. F\u00fcr\ndie L\u00f6sung spezieller Probleme haben wir Spezialwerkzeuge parat. Wasserfr\u00e4sen, Rotationsd\u00fcsen\nund Schlagbohrfr\u00e4ser lassen Betonablagerungen, Baumwurzeln und anderen\nHindernissen keine Chance.<\/p>\n\n\n\n<div class=\"wp-block-button\"><a class=\"wp-block-button__link has-background no-border-radius\" href=\"javascript:history.back();\" style=\"background-color:#0071a1\">Zur\u00fcck<\/a><\/div>\n","protected":false},"excerpt":{"rendered":"<p>Eine regelm\u00e4\u00dfige Wartung und Reinigung des Kanalsystems mit den entsprechenden Spezialger\u00e4ten sind Voraussetzung f\u00fcr ein einwandfreies Kanalsystem hierf\u00fcr. Moderne Rohr- und Kanalreinigung ist ohne Hochdrucksp\u00fclung nicht mehr denkbar. Schlamm, h\u00e4rteste &#8230;<\/p>\n","protected":false},"author":1,"featured_media":0,"parent":0,"menu_order":0,"comment_status":"closed","ping_status":"closed","template":"template-fullwidth.php","meta":{"footnotes":""},"class_list":["post-23","page","type-page","status-publish","hentry"],"_links":{"self":[{"href":"https:\/\/schmid-faeka.de\/index.php?rest_route=\/wp\/v2\/pages\/23","targetHints":{"allow":["GET"]}}],"collection":[{"href":"https:\/\/schmid-faeka.de\/index.php?rest_route=\/wp\/v2\/pages"}],"about":[{"href":"https:\/\/schmid-faeka.de\/index.php?rest_route=\/wp\/v2\/types\/page"}],"author":[{"embeddable":true,"href":"https:\/\/schmid-faeka.de\/index.php?rest_route=\/wp\/v2\/users\/1"}],"replies":[{"embeddable":true,"href":"https:\/\/schmid-faeka.de\/index.php?rest_route=%2Fwp%2Fv2%2Fcomments&post=23"}],"version-history":[{"count":8,"href":"https:\/\/schmid-faeka.de\/index.php?rest_route=\/wp\/v2\/pages\/23\/revisions"}],"predecessor-version":[{"id":134,"href":"https:\/\/schmid-faeka.de\/index.php?rest_route=\/wp\/v2\/pages\/23\/revisions\/134"}],"wp:attachment":[{"href":"https:\/\/schmid-faeka.de\/index.php?rest_route=%2Fwp%2Fv2%2Fmedia&parent=23"}],"curies":[{"name":"wp","href":"https:\/\/api.w.org\/{rel}","templated":true}]}}